se 4.
-3312
What is -4235 (base 8) in base 13?
-1008
Convert 51 (base 8) to base 3.
1112
What is -236020 (base 7) in base 4?
-22132021
-12425 (base 8) to base 4
-1110111
What is 59a (base 11) in base 9?
873
What is -6b7 (base 16) in base 14?
-8ab
Convert a7 (base 12) to base 16.
7f
3e0e (base 15) to base 16
33e9
Convert 41212 (base 7) to base 6.
114314
8b93 (base 14) to base 6
304113
e3d (base 16) to base 3
12000000
Convert 5437 (base 8) to base 11.
2159
1000000001111 (base 2) to base 16
100f
-3bba (base 15) to base 2
-11000111100111
What is -270 (base 15) in base 13?
-339
What is -322 (base 7) in base 15?
-ad
What is 2002000021 (base 3) in base 2?
1001111101111111
-4111 (base 5) to base 15
-256
Convert 2a32 (base 14) to base 8.
16504
What is -129 (base 11) in base 12?
-108
575 (base 16) to base 9
1822
What is -2000321 (base 4) in base 14?
-3013
-269 (base 14) to base 15
-225
Convert -1310 (base 5) to base 12.
-151
What is 22b6 (base 12) in base 9?
5283
11000000100000 (base 2) to base 14
46c0
20101 (base 4) to base 15
254
What is -394 (base 11) in base 15?
-211
-1111111000000 (base 2) to base 15
-261d
-70 (base 16) to base 15
-77
10233 (base 5) to base 13
414
5024 (base 7) to base 9
2335
Convert -167c (base 13) to base 9.
-4482
Convert 25504 (base 12) to base 4.
30122110
3038 (base 13) to base 2
1100111101110
Convert -314 (base 11) to base 6.
-1430
-1313010 (base 4) to base 14
-2ac4
What is 428 (base 10) in base 11?
35a
-1212 (base 14) to base 15
-e02
-1326 (base 7) to base 16
-1fe
Convert 13 (base 5) to base 13.
8
-2b6a (base 12) to base 10
-5122
-1110001 (base 2) to base 11
-a3
-3166 (base 8) to base 10
-1654
What is 4215 (base 8) in base 15?
9ae
What is 5d29 (base 16) in base 11?
16a11
-100101111010110 (base 2) to base 11
-1364a
-111100011 (base 2) to base 15
-223
Convert 300221 (base 6) to base 9.
35104
What is -18a (base 11) in base 13?
-13b
-a2c (base 14) to base 16
-7d0
Convert 177a2 (base 13) to base 6.
545303
What is -32301300 (base 4) in base 11?
-41526
What is -470 (base 14) in base 16?
-372
22432 (base 8) to base 6
111550
What is 331 (base 13) in base 14?
2b1
2004 (base 5) to base 3
100102
133 (base 9) to base 4
1233
Convert 2314 (base 5) to base 11.
284
12478 (base 11) to base 4
10113100
-42b (base 14) to base 10
-823
Convert 569 (base 11) to base 7.
1661
Convert -1724a (base 14) to base 13.
-2058b
36422 (base 9) to base 4
11331101
Convert -111100010000 (base 2) to base 11.
-2996
-3920 (base 12) to base 14
-2528
3104 (base 6) to base 9
844
Convert 5761 (base 9) to base 13.
1c33
21021020 (base 3) to base 15
1883
Convert 6330 (base 7) to base 2.
100010110010
What is -1918 (base 10) in base 3?
-2122001
Convert -23001 (base 4) to base 7.
-2025
What is -3088 (base 10) in base 9?
-4211
What is 701 (base 12) in base 16?
3f1
Convert 6013 (base 8) to base 15.
da8
1212210 (base 4) to base 2
1100110100100
Convert -11021100021 (base 3) to base 9.
-137307
What is -368 (base 16) in base 15?
-3d2
Convert -221001 (base 3) to base 5.
-10201
-2123 (base 6) to base 7
-1260
Convert c9b4 (base 13) to base 16.
6d80
-101000100 (base 2) to base 14
-192
Convert 1552 (base 8) to base 2.
1101101010
Convert 4888 (base 10) to base 16.
1318
-1010101010 (base 2) to base 5
-10212
Convert 221203 (base 4) to base 7.
10516
-12be (base 15) to base 14
-1660
Convert 110101001 (base 2) to base 8.
651
20101120 (base 3) to base 7
16404
Convert -a95 (base 16) to base 14.
-db7
What is 376 (base 16) in base 9?
1184
Convert 135534 (base 8) to base 7.
256560
4684 (base 9) to base 13
1777
What is 2023 (base 7) in base 6?
3131
Convert 45631 (base 7) to base 16.
2d73
28de (base 16) to base 9
15314
Convert -34 (base 11) to base 3.
-1101
Convert 225 (base 8) to base 15.
9e
Convert 4d6 (base 14) to base 5.
12342
Convert 13252 (base 7) to base 8.
6755
Convert -5343 (base 7) to base 9.
-2533
300013 (base 5) to base 12
551b
Convert -15350 (base 6) to base 8.
-4722
Convert 2341 (base 5) to base 7.
1003
What is 84a6 (base 16) in base 2?
1000010010100110
Convert 24330 (base 6) to base 16.
dfe
3214 (base 7) to base 9
1504
What is 10212211 (base 4) in base 14?
6c29
Convert -114323 (base 6) to base 5.
-310214
What is -30341 (base 8) in base 6?
-133533
Convert 22 (base 10) to base 8.
26
-66a (base 14) to base 16
-4f6
What is 1521 (base 14) in base 10?
3753
Convert -1550 (base 12) to base 7.
-10212
Convert -28567 (base 9) to base 10.
-19420
83703 (base 9) to base 8
153715
934 (base 10) to base 4
32212
Convert 1044 (base 15) to base 6.
23531
What is -1790 (base 15) in base 5?
-130320
What is 4412 (base 6) in base 15?
47b
1001101100 (base 2) to base 11
514
Convert 316 (base 16) to base 8.
1426
What is a3b (base 15) in base 14?
baa
-1242 (base 5) to base 9
-238
What is a9 (base 15) in base 11?
135
Convert 101100100110 (base 2) to base 11.
2165
Convert -1001011101 (base 2) to base 9.
-742
10447 (base 9) to base 14
274c
What is 11887 (base 12) in base 4?
11302213
-212110 (base 3) to base 4
-21321
Convert 611 (base 7) to base 8.
456
Convert 144312 (base 5) to base 3.
22111220
353341 (base 6) to base 16
777d
Convert -1ff (base 16) to base 14.
-287
Convert 134010 (base 6) to base 7.
51354
What is 6b42 (base 13) in base 2?
11101011110111
1925 (base 13) to base 3
12010212
Convert -10c4 (base 16) to base 5.
-114132
49f (base 16) to base 9
1554
144242 (base 6) to base 4
3121202
What is 10111111 (base 2) in base 14?
d9
-de34 (base 16) to base 11
-39813
-101122 (base 3) to base 7
-560
25678 (base 12) to base 10
51068
Convert -502051 (base 6) to base 2.
-1001100110101111
-6bdb (base 16) to base 11
-19821
56 (base 9) to base 4
303
Convert -215 (base 13) to base 2.
-101100100
What is -349b (base 14) in base 6?
-110213
Convert -343202 (base 6) to base 10.
-29234
Convert -34301 (base 7) to base 16.
-2213
Convert 764 (base 14) to base 9.
2002
42d (base 14) to base 8
1471
What is 63 (base 11) in base 13?
54
Convert 240 (base 10) to base 4.
3300
Convert 2776 (base 8) to base 7.
4321
Convert -3688 (base 14) to base 5.
-301103
-122002 (base 3) to base 6
-2045
Convert -110001100 (base 2) to base 4.
-12030
Convert -1020 (base 16) to base 11.
-3113
What is 470 (base 10) in base 3?
122102
Convert -2000 (base 3) to base 15.
-39
-107 (base 10) to base 7
-212
Convert -8359 (base 11) to base 9.
-16165
What is -323343 (base 5) in base 6?
-123214
What is -111011 (base 2) in base 8?
-73
What is 31212003 (base 4) in base 15?
11773
What is 1143 (base 9) in base 2?
1101010001
-607 (base 13) to base 3
-1101211
-2107 (base 13) to base 10
-4570
What is -807 (base 16) in base 11?
-15a9
Convert -6bb (base 15) to base 12.
-a72
Convert 4433 (base 6) to base 13.
612
Convert 1331 (base 6) to base 2.
101010111
-124 (base 10) to base 8
-174
-240225 (base 7) to base 13
-16956
-2664 (base 12) to base 3
-20000211
1100000011111 (base 2) to base 7
24001
-4319 (base 13) to base 14
-3577
-271 (base 8) to base 7
-353
What is 11000110100 (base 2) in base 9?
2154
Convert 70c (base 16) to base 4.
130030
101133222 (base 4) to base 7
415626
-1643 (base 14) to base 12
-2377
-1014 (base 7) to base 12
-256
2326 (base 7) to base 10
853
Convert -422043 (base 6) to base 16.
-856b
What is -18440 (base 9) in base 10?
-12753
What is 1000103 (base 4) in base 13?
1b47
1000110111 (base 2) to base 6
2343
-166 (base 14) to base 15
-141
What is -1222122 (base 3) in base 15?
-668
What is 122112 (base 3) in base 6?
2105
Convert -1011101111 (base 2) to base 14.
-3b9
What is 3041 (base 6) in base 15?
2ed
What is 6401 (base 13) in base 5?
420414
Convert -3710 (base 9) to base 13.
-1347
Convert -273c (base 14) to base 7.
-26105
What is 89 (base 12) in base 11?
96
Convert -11220012 (base 3) to base 14.
-142d
Convert 212023 (base 4) to base 15.
acd
143 (base 6) to base 14
47
What is 53144 (base 8) in base 2?
101011001100100
What is 31755 (base 8) in base 9?
20210
What is 2041242 (base 5) in base 8?
102233
Convert 4434 (base 6) to base 4.
100012
Convert 119c (base 14) to base 11.
2349
Convert -1218 (base 9) to base 11.
-756
Convert -562 (base 12) to base 15.
-37e
-10010011101100 (base 2) to base 15
-2c02
Convert 1364 (base 7) to base 14.
2a4
Convert -101011010100110 (base 2) to base 9.
-33376
What is -353 (base 12) in base 5?
-3440
What is -16018 (base 9) in base 16?
-2ac